digit of (-118)/((0 - -8)/z)?
5
Let r(j) = -j**3 - 10*j**2 - j + 18. Let w = -32 + 22. Let o be r(w). Suppose 0 = 2*l + 3*a - o, -3*l = l - 2*a - 56. What is the tens digit of l?
1
Let c = 3 - -25. Suppose 7*v - c = 14. Let q(y) = 30*y - 25. What is the hundreds digit of q(v)?
1
Let g be (-246)/10 + 15/25. Let y = 26 + g. Suppose -4*h - 100 = -4*t + y*t, h = 4*t - 200. What is the units digit of t?
0
Let k = -8 - -14. Let v be (-1)/((9/4)/(-9) + 0). Suppose 5*p + k*f - 32 = 3*f, 0 = v*p + 5*f - 23. What is the units digit of p?
7
Let d = -92323 + 140599. What is the tens digit of d?
7
What is the units digit of (0 + -1)/(111/(-564213))?
3
Let g(s) = -5*s**3 - 26*s**2 - 65*s - 1. What is the ten thousands digit of g(-22)?
4
What is the ten thousands digit of (27940 - -14) + 182/(-7)?
2
Let c = 12516 + -6272. What is the units digit of c?
4
What is the units digit of (-5062475)/(-246) + -1*(-10)/12?
0
Let a = -8329 + 9913. What is the tens digit of a?
8
Let o(j) = -j**3 + 2*j**2 - 3*j + 2. Let p be o(1). Let b be (-7)/(((-1)/(-2) - p)*-2). What is the units digit of (10*-7)/((-14)/b)?
5
Let p be 1/8 + 234/48. Let m(g) = 2*g**3 - 4*g**2 - 4*g - 5. What is the hundreds digit of m(p)?
1
Let s(c) be the first derivative of c**4/12 - 5*c**3/3 + 21*c**2/2 + 2*c - 16. Let d(m) be the first derivative of s(m). What is the tens digit of d(16)?
1
Suppose -5*z = -5*c - 50, 2*z - 2*c = 4*z. Suppose -z*r = -26*r + 17787. What is the tens digit of r?
4
Suppose -g = 27*h - 25*h - 7747, 0 = 5*g - 5. What is the thousands digit of h?
3
Let c(d) = 7*d**2 + 8*d + 1. Let h be c(-5). Let r be (-3)/2*(-110)/15. Suppose r*a = 117 + h. What is the units digit of a?
3
Suppose 12*f - 119 = 193. Suppose -f*a = -22*a - 2344. What is the units digit of a?
6
Let f = 14039 - 10083. What is the hundreds digit of f?
9
Suppose 0 = -2*l + 4, 0 = 3*k + 5*l - 6726 + 236. Suppose -2*i + 836 = -5*h, -5*i - 12*h + k = -7*h. What is the hundreds digit of i?
4
Let z(d) = -862*d + 50. What is the hundreds digit of z(-1)?
9
Let n be ((-7)/14*1)/((-2)/(-288)). What is the hundreds digit of n/(-4 + 13) - -948?
9
Suppose 4*t = 9*t - 10. Suppose 2768 = t*k - 6*k. What is the units digit of 2/(-10) - k/10?
9
Let d(t) = t**3 + 5*t**2 - 13*t + 9. Let f be d(-7). Suppose 2*p - 3*p = -5, -f*a + 4*p + 904 = 0. What is the hundreds digit of a?
4
Let p(w) be the second derivative of 1/12*w**4 + 2*w**2 + 5/6*w**3 + 0 - 10*w. What is the tens digit of p(5)?
5
Suppose -m = 10*q - 6*q - 18, -2 = -m. What is the hundreds digit of (-18)/(-60)*q*235?
2
Suppose -h = -2*q + 1514, -7*h - 3790 = -5*q - 2*h. Let n = -508 + q. Suppose -214 = -3*f + n. What is the units digit of f?
4
Let l(y) = 16*y + 32*y + 1 + 9 - 13. Let w be (-2)/(-8) + 11/4. What is the tens digit of l(w)?
4
Suppose 60*f = -98*f - 32*f + 5158120. What is the tens digit of f?
4
Suppose 186 = 5*c - 5*t + 2251, -3*c - 5*t = 1207. Let b = 793 + c. What is the units digit of b?
4
Let c = 24213 + -9390. What is the hundreds digit of c?
8
What is the tens digit of ((-70)/5 - -2) + 11501?
8
What is the hundreds digit of 660/(-1650) - 3162/(-5)?
6
What is the hundreds digit of ((-8)/6)/(114/(-156465))?
8
Let h(b) = -16*b**2 + 7*b - 6. Let q(y) = 46*y**2 - 21*y + 20. Let k(x) = -7*h(x) - 2*q(x). What is the hundreds digit of k(5)?
4
Let o(g) = 5*g - 109. Let f be o(22). What is the units digit of ((-765)/10*f)/((-3)/8)?
4
Suppose 229012 = 5*j + 2*v, 0 = 4*j - 5*v - 40548 - 142622. What is the tens digit of j?
0
Suppose -i + 80 = t, 2*t + 2*i = -i + 159. Suppose 355 = -7*f + 2*f. Let y = f + t. What is the tens digit of y?
1
Suppose -8*c + 9*c - 663 = 0. Suppose 4*l + 5*b = 2098, -l - 133 = 4*b - c. What is the tens digit of l?
2
Suppose k - 2*x = 624, 31*k - 26*k = 5*x + 3095. Let c = -307 + k. What is the units digit of c?
7
Let u(t) = 4*t**2 + 44*t - 32. Let c be u(-13). Suppose 0 = 5*r - 3*w + 4*w - 1205, -4*w - 262 = -r. Let p = r - c. What is the hundreds digit of p?
1
What is the hundreds digit of -74*9849/(-96) + 13/208?
5
Suppose t + 4*z = -125 + 3051, -3*z = t - 2927. What is the tens digit of t?
3
Let q(j) = 159*j - 1. Let n be q(3). Suppose -h - n = 3*d, 5*h + 1634 = -3*d - 758. Let s = h + 737. What is the tens digit of s?
5
Suppose 3*o - 3 = -3*r, 2*o + 2*r + 3*r = -4. Let q(c) = 19*c - 16. What is the units digit of q(o)?
1
Suppose 4*o = -0*o + 12. Let v be (-7)/o + 4/12. What is the units digit of (-2168)/(-32) + 18/8 + v?
8
Let m be 33 + (5 - 2) + -2. Let u = m + -34. Suppose u*w + 4*w - 36 = 0. What is the units digit of w?
9
Let a(g) = 4*g + 87. Let h = 48 + -53. Let b(v) = v**2 + 10*v + 25. Let n be b(h). What is the tens digit of a(n)?
8
Suppose -33*c = -13*c + 500. What is the units digit of c/(-15) - (-2086)/21?
1
Let i(r) = -1. Let g(j) = 1606*j - 28. Let x(v) = -g(v) + 4*i(v). What is the units digit of x(-1)?
0
What is the thousands digit of (-64324)/(-9) + 1*(-18)/162?
7
Let g(s) = s**2 + 2*s - 2. Let r be g(-3). Let w be r*((-1)/4 - (-26)/8). Suppose w - 22 = -m. What is the tens digit of m?
1
Suppose -88*k = -104*k + 80. Let g be (-2)/8 - 5058/(-8). Suppose k*q = -47 + g. What is the hundreds digit of q?
1
Let u = 19156 + -9202. What is the units digit of u?
4
Suppose -40013 = -5*y + 4*j + 5343, 5*y - 45363 = -3*j. What is the tens digit of y?
7
Suppose -12*p = 6*p - p. Suppose 5*f = -q + 134, -2*f - 6 = -p*f. What is the hundreds digit of q?
1
Suppose -140 = -2*v - 4*d, 0*v + 2*d = 4*v - 320. Suppose -5*i + 11 + 8 = -2*j, 5*j + 5*i = -65. Let q = v + j. What is the units digit of q?
6
Let z be (-7662)/(-90) + (-4)/30. Let l = -10 + z. What is the units digit of (-5)/(l/(-140))*1*3?
8
Let d(a) = 13*a**2 - 239*a - 93. What is the hundreds digit of d(20)?
3
Suppose -3*d = 3*s - 38253, 4*s + 6 = -22. What is the ten thousands digit of d?
1
Let a(b) = 3*b + 75. Let u be a(-25). Suppose u = 5*v - 2347 - 1873. What is the tens digit of v?
4
What is the tens digit of ((-28173)/(-4))/((-210)/(-560))?
8
Let o = -35297 + 63157. What is the units digit of o?
0
Let f(n) = 2*n + 5. Let d = 113 - 113. Let m be f(d). Suppose -o - 2*o = -3*v - 450, 3*o - 458 = m*v. What is the tens digit of o?
4
Suppose 24*n - 704 = -8*n. What is the units digit of n?
2
Let o = 71 - 67. Let a be o - (-12)/(-5 + 2). Suppose -5*r - 5*y + 570 = a, -6*r + 2*y = -r - 591. What is the units digit of r?
7
What is the units digit of 2 + 11 + 36536 + 16?
5
Let m = 8520 + -4315. What is the thousands digit of m?
4
Let s(r) = -r**3 - 22*r**2 + 28*r - 22. What is the tens digit of s(-31)?
5
Let o = -850 + 10139. Suppose 8*a + 1529 - o = 0. What is the units digit of a?
0
Let g be (-1178)/8 - (147/(-28) + 5). Let f = g - -222. What is the tens digit of f?
7
Let m = 7 - 7. Suppose 3*u + 5*b + 16 - 63 = m, 0 = -5*u + b + 41. Let y(d) = -d**2 + 9*d + 22. What is the units digit of y(u)?
2
Let x = 52 + -46. Suppose l + 10*l = x*l. Suppose 10*u = 5*u + p + 417, l = 2*u + 3*p - 177. What is the tens digit of u?
8
Let k = 94 - 69. Suppose 0 = 7*b - 17 - k. Suppose b*m - 831 = -189. What is the units digit of m?
7
Let s(p) = -p**3 + 6*p**2 + 13. Let u be s(14). What is the hundreds digit of 4 - -2*u/(-10)?
3
Let b = 98 + -56. Let t = 441 - b. What is the hundreds digit of t?
3
Suppose 426*d - 24284 = 424*d. What is the thousands digit of d?
2
Let g = -113 + 121. Suppose g*j = j + 833. What is the units digit of j?
9
Let i = 790 - 785. Let o(a) = 4*a - 6. Let t be o(4). Suppose -t*d = -i*d - 20. What is the units digit of d?
4
Let s(p) = p**2 - 18*p - 3. Let z be s(0). What is the units digit of (-8)/(-28) - (19428/(-14) + z)?
1
Suppose -4*z + b + 2 = 0, -2 = -2*z + 2*b + 2. Let j be (1 - z)/(1/23). Suppose 9*a + j = 104. What is the units digit of a?
9
Let x = 558 - 141. Let q = x + -49. What is the hundreds digit of q?
3
Let f = -59 + -3. Let g be (-4)/10*(-35)/(-2)*f. Let r = g - 308. What is the units digit of r?
6
Let a(s) = 5*s. Let m(g) = -6*g + 1. Let p(d) = 7*a(d) + 6*m(d). Let t be p(3). Suppose 2*v - t*w = w + 54, 0 = -3*v - 5*w + 37. What is the units digit of v?
9
Suppose -a + 0 = -i + 5, -3 = a + i. Let n be 1298/(-14) + a/14. Let y = 149 + n. What is the tens digit of y?
5
Let i = -340 - -705. Suppose -4*l + 23 = -i. What is the units digit of l?
7
Let g = 13